
Convert 1234 (base 6) to base 7.
622
What is 288 (base 15) in base 5?
4303
1030 (base 9) to base 4
23310
What is -2547 (base 10) in base 3?
-10111100
12311 (base 4) to base 14
233
Convert -65b (base 14) to base 2.
-10011101001
What is -125 (base 12) in base 2?
-10101101
-382 (base 16) to base 13
-541
What is -84b (base 12) in base 7?
-3350
3001021 (base 4) to base 2
11000001001001
What is 377 (base 12) in base 6?
2231
What is -a315 (base 12) in base 11?
-12358
11130 (base 13) to base 6
355210
2635 (base 14) to base 7
25365
Convert -15610 (base 7) to base 3.
-20001121
Convert -45223 (base 6) to base 7.
-24342
Convert -3783 (base 10) to base 5.
-110113
-5510 (base 11) to base 5
-213041
Convert a12a (base 12) to base 7.
101620
Convert 213103 (base 4) to base 15.
b2a
584 (base 14) to base 6
5024
Convert -1201 (base 4) to base 3.
-10121
282 (base 12) to base 13
239
What is 3a8 (base 14) in base 7?
2101
What is -3386 (base 16) in base 9?
-20075
Convert 30c (base 13) to base 2.
1000000111
Convert -213101 (base 4) to base 2.
-100111010001
Convert aa (base 15) to base 11.
136
101100000010 (base 2) to base 12
176a
Convert -404 (base 6) to base 12.
-104
What is 1960c (base 14) in base 2?
1111101100101100
1ae (base 15) to base 6
1445
24035 (base 7) to base 14
238c
What is 12 (base 4) in base 3?
20
-533 (base 7) to base 2
-100001101
What is -312 (base 9) in base 14?
-142
Convert -111101000 (base 2) to base 7.
-1265
What is -23bb6 (base 12) in base 4?
-23303322
-7b (base 16) to base 7
-234
-3202233 (base 4) to base 7
-60210
What is 20112 (base 5) in base 13?
778
-7200 (base 10) to base 2
-1110000100000
Convert 3043 (base 6) to base 4.
22203
What is 11358 (base 10) in base 14?
41d4
Convert -100000001110 (base 2) to base 5.
-31222
Convert 1110101011 (base 2) to base 8.
1653
Convert 13004 (base 5) to base 2.
1111101100
What is -784 (base 12) in base 3?
-1112001
-7444 (base 8) to base 5
-111001
Convert 795b (base 12) to base 5.
412323
What is 5401 (base 8) in base 6?
21013
3022 (base 4) to base 10
202
-1011001100 (base 2) to base 7
-2042
10010111000011 (base 2) to base 8
22703
23360 (base 7) to base 4
1132010
Convert 689 (base 13) to base 6.
5115
971 (base 15) to base 2
100001010011
What is -1000 (base 2) in base 3?
-22
Convert 98 (base 11) to base 6.
255
25440 (base 7) to base 9
10220
What is 20212321 (base 4) in base 14?
cbc5
Convert 5d8 (base 16) to base 9.
2042
Convert 12 (base 7) to base 6.
13
15155 (base 13) to base 11
27989
What is 2532 (base 7) in base 6?
4230
What is -2873 (base 15) in base 2?
-10000111010010
152 (base 9) to base 12
a8
Convert -150 (base 10) to base 4.
-2112
-907 (base 10) to base 8
-1613
What is e860 (base 16) in base 6?
1135224
170c (base 15) to base 9
6723
What is 918 (base 14) in base 3?
2110011
Convert 11414 (base 10) to base 8.
26226
Convert 7a01 (base 12) to base 6.
142401
What is 4757 (base 10) in base 14?
1a3b
986 (base 16) to base 11
1917
Convert 511052 (base 6) to base 8.
116750
-111000011111000 (base 2) to base 5
-1411140
What is -47a (base 13) in base 12?
-549
Convert -2 (base 13) to base 7.
-2
Convert 34534 (base 9) to base 11.
16341
-101010111 (base 2) to base 8
-527
What is -52501 (base 7) in base 10?
-12937
Convert 2110011 (base 3) to base 14.
918
Convert -6645 (base 7) to base 5.
-34020
Convert -1511 (base 6) to base 12.
-297
What is 441001 (base 7) in base 15?
17d01
-200a (base 14) to base 3
-21112122
1691 (base 13) to base 9
4508
Convert 205 (base 15) to base 6.
2035
Convert -2c02 (base 13) to base 4.
-1210120
What is 2273 (base 13) in base 10?
4826
Convert -6a7 (base 15) to base 5.
-22012
3102 (base 5) to base 3
112220
-a545 (base 12) to base 10
-18053
Convert 100001220 (base 3) to base 9.
10056
a80c (base 16) to base 2
1010100000001100
Convert 1000010100010 (base 2) to base 5.
114013
What is 20160 (base 9) in base 7?
53436
2d (base 15) to base 4
223
Convert 3523 (base 8) to base 5.
30000
What is -11532 (base 8) in base 15?
-1704
-10a (base 16) to base 8
-412
-58632 (base 9) to base 11
-27463
Convert 197 (base 13) to base 15.
148
What is 1144 (base 9) in base 15?
3ba
What is -2523 (base 6) in base 8?
-1163
What is -10332 (base 4) in base 6?
-1250
11461 (base 7) to base 4
232213
Convert -1433 (base 7) to base 12.
-3ab
-11272 (base 8) to base 16
-12ba
What is -1586 (base 15) in base 9?
-6310
245 (base 10) to base 16
f5
Convert 176 (base 13) to base 14.
150
-10431 (base 9) to base 16
-1b01
Convert 56331 (base 8) to base 14.
893b
11214 (base 8) to base 10
4748
Convert -793 (base 10) to base 16.
-319
What is 9b5 (base 12) in base 6?
10345
1210 (base 10) to base 12
84a
-23341 (base 5) to base 7
-5006
What is 673 (base 14) in base 5?
20102
Convert 1212 (base 3) to base 2.
110010
Convert -503151 (base 6) to base 12.
-1aab7
Convert -7555 (base 10) to base 6.
-54551
Convert 15215 (base 6) to base 10.
2459
What is -9aa3 (base 14) in base 4?
-12202233
What is 10112011 (base 3) in base 13?
1228
What is -16133 (base 7) in base 6?
-32552
-501 (base 7) to base 16
-f6
-104345 (base 6) to base 9
-13032
Convert -244231 (base 5) to base 6.
-111044
-2013 (base 5) to base 12
-196
Convert b971 (base 12) to base 5.
1123024
What is -11432 (base 6) in base 5?
-23201
Convert 11111 (base 4) to base 6.
1325
-2212102 (base 4) to base 8
-24622
10101010101010 (base 2) to base 15
3382
What is -154c (base 14) in base 11?
-2938
What is -585 (base 9) in base 4?
-13202
What is 504423 (base 6) in base 4?
21233133
100000110111 (base 2) to base 15
953
-3464 (base 8) to base 7
-5243
What is 515 (base 10) in base 13?
308
Convert b7 (base 14) to base 13.
c5
What is 1010001011 (base 2) in base 9?
803
Convert -25735 (base 10) to base 4.
-12102013
Convert -100001010110 (base 2) to base 16.
-856
What is 4d5 (base 15) in base 2?
10001001100
What is -12113 (base 4) in base 6?
-1515
What is -3989 (base 15) in base 14?
-4691
-20555 (base 10) to base 16
-504b
-32330 (base 4) to base 12
-678
What is 149b (base 13) in base 9?
4104
Convert 177351 (base 8) to base 12.
31921
Convert 10010000011 (base 2) to base 15.
520
What is -95 (base 14) in base 12?
-ab
22133 (base 4) to base 2
1010011111
-104255 (base 8) to base 13
-12c06
Convert -10868 (base 9) to base 13.
-3404
What is -79a (base 11) in base 13?
-587
What is -20c0 (base 16) in base 10?
-8384
3115 (base 13) to base 12
3b0a
Convert 2b64 (base 13) to base 6.
45155
-311210 (base 4) to base 12
-1b98
What is 1561 (base 9) in base 10?
1189
10221102 (base 3) to base 16
b39
-457 (base 10) to base 9
-557
b0 (base 13) to base 4
2033
-12070 (base 16) to base 10
-73840
55881 (base 10) to base 8
155111
What is be (base 16) in base 8?
276
What is 201202 (base 3) in base 12?
385
Convert 413 (base 5) to base 15.
73
-7bc6 (base 16) to base 7
-161244
-267 (base 14) to base 5
-3413
What is -21140 (base 6) in base 11?
-2178
11010001101 (base 2) to base 8
3215
Convert 330 (base 6) to base 14.
90
What is -10001000111 (base 2) in base 7?
-3123
Convert 22120111 (base 3) to base 10.
6250
-133330 (base 5) to base 10
-5465
c4 (base 14) to base 15
b7
What is 7061 (base 8) in base 15?
1123
What is -162225 (base 7) in base 16?
-7d10
Convert 31310 (base 4) to base 15.
3de
120021 (base 3) to base 2
110011100
Convert 11011011110 (base 2) to base 4.
123132
What is -7447 (base 15) in base 10?
-24592
What is 493 (base 11) in base 8?
1112
-1124413 (base 5) to base 15
-618d
What is 24452 (base 6) in base 5?
104012
What is -11012 (base 3) in base 12?
-95
Convert -1315 (base 15) to base 3.
-12120202
c0 (base 13) to base 8
234
6034 (base 7) to base 8
4043
What is -16e6 (base 16) in base 12?
-3486
What is -e6d (base 15) in base 12?
-1a71
What is -13014 (base 6) in base 10?
-1954
Convert 3640 (base 13) to base 16.
1de9
10382 (base 9) to base 14
2714
-44410 (base 6) to base 2
-1100000110110
What is 313210 (base 4) in base 14?
1420
-221112120 (base 3) to base 14
-6adc
Convert 52044 (base 7) to base 2.
11000110110011
What is -11131 (base 4) in base 11?
-298
What is -d44 (base 16) in base 13?
-1713
Convert 19 (base 12) to base 9.
23
What is 1112010 (base 3) in base 9?
1463
-21120 (base 3) to base 5
-1304
What is 1354 (base 7) in base 12?
381
Convert 1d68a (base 14) to base 2.
10010011001111010
-22452 (base 12) to base 2
-1011000111111110
-1002002 (base 4) 